{"version":"1.0","provider_name":"Qwien - Zentrum f\u00fcr queere Geschichte","provider_url":"https:\/\/www.qwien.at\/en\/","title":"Festakt Zehn Jahre QWIEN (2009-2019) - Blog - Qwien - Zentrum f\u00fcr queere Geschichte","type":"rich","width":600,"height":338,"html":"<blockquote class=\"wp-embedded-content\" data-secret=\"aTRIYh5y9f\"><a href=\"https:\/\/www.qwien.at\/en\/qwien\/festakt-10-jahre-qwien\/\">Festakt Zehn Jahre QWIEN (2009-2019)<\/a><\/blockquote><iframe sandbox=\"allow-scripts\" security=\"restricted\" src=\"https:\/\/www.qwien.at\/en\/qwien\/festakt-10-jahre-qwien\/embed\/#?secret=aTRIYh5y9f\" width=\"600\" height=\"338\" title=\"&#8220;Festakt Zehn Jahre QWIEN (2009-2019)&#8221; &#8212; Qwien - Zentrum f\u00fcr queere Geschichte\" data-secret=\"aTRIYh5y9f\" frameborder=\"0\" marginwidth=\"0\" marginheight=\"0\" scrolling=\"no\" class=\"wp-embedded-content\"><\/iframe><script>\n\/*! This file is auto-generated *\/\n!function(d,l){\"use strict\";l.querySelector&&d.addEventListener&&\"undefined\"!=typeof URL&&(d.wp=d.wp||{},d.wp.receiveEmbedMessage||(d.wp.receiveEmbedMessage=function(e){var t=e.data;if((t||t.secret||t.message||t.value)&&!\/[^a-zA-Z0-9]\/.test(t.secret)){for(var s,r,n,a=l.querySelectorAll('iframe[data-secret=\"'+t.secret+'\"]'),o=l.querySelectorAll('blockquote[data-secret=\"'+t.secret+'\"]'),c=new RegExp(\"^https?:$\",\"i\"),i=0;i<o.length;i++)o[i].style.display=\"none\";for(i=0;i<a.length;i++)s=a[i],e.source===s.contentWindow&&(s.removeAttribute(\"style\"),\"height\"===t.message?(1e3<(r=parseInt(t.value,10))?r=1e3:~~r<200&&(r=200),s.height=r):\"link\"===t.message&&(r=new URL(s.getAttribute(\"src\")),n=new URL(t.value),c.test(n.protocol))&&n.host===r.host&&l.activeElement===s&&(d.top.location.href=t.value))}},d.addEventListener(\"message\",d.wp.receiveEmbedMessage,!1),l.addEventListener(\"DOMContentLoaded\",function(){for(var e,t,s=l.querySelectorAll(\"iframe.wp-embedded-content\"),r=0;r<s.length;r++)(t=(e=s[r]).getAttribute(\"data-secret\"))||(t=Math.random().toString(36).substring(2,12),e.src+=\"#?secret=\"+t,e.setAttribute(\"data-secret\",t)),e.contentWindow.postMessage({message:\"ready\",secret:t},\"*\")},!1)))}(window,document);\n\/\/# sourceURL=https:\/\/www.qwien.at\/wp-includes\/js\/wp-embed.min.js\n<\/script>\n","description":"&nbsp; Der Queer History Day (QHD) 2019 steht einerseits im Fokus von Europride und 50 Jahre Stonewall, andererseits feiern wir den 10. Geburtstag von QWIEN \u2013 Zentrum f\u00fcr queere Geschichte. Kulturstadtr\u00e4tin Mag.a Veronica Kaup-Hasler und Gemeinder\u00e4tin Martina Hanke, BA (in Vertretung von Stadtrat Mag. J\u00fcrgen Czernohorszky) werden den Festakt er\u00f6ffnen, o. Univ.-Prof Dr. Wolfgang Schmale [&hellip;]","thumbnail_url":"https:\/\/www.qwien.at\/wp-content\/uploads\/2019\/05\/2013_Parade.jpg","thumbnail_width":900,"thumbnail_height":600}

Qwien - Zentrum für queere Geschichte

Festakt Zehn Jahre QWIEN (2009-2019) - Blog - Qwien - Zentrum für queere Geschichte

<blockquote class="wp-embedded-content" data-secret="aTRIYh5y9f"><a href="https://www.qwien.at/en/qwien/festakt-10-jahre-qwien/">Festakt Zehn Jahre QWIEN (2009-2019)</a></blockquote><iframe sandbox="allow-scripts" security="restricted" src="https://www.qwien.at/en/qwien/festakt-10-jahre-qwien/embed/#?secret=aTRIYh5y9f" width="600" height="338" title="&#8220;Festakt Zehn Jahre QWIEN (2009-2019)&#8221; &#8212; Qwien - Zentrum für queere Geschichte" data-secret="aTRIYh5y9f" frameborder="0" marginwidth="0" marginheight="0" scrolling="no" class="wp-embedded-content"></iframe><script>
/*! This file is auto-generated */
!function(d,l){"use strict";l.querySelector&&d.addEventListener&&"undefined"!=typeof URL&&(d.wp=d.wp||{},d.wp.receiveEmbedMessage||(d.wp.receiveEmbedMessage=function(e){var t=e.data;if((t||t.secret||t.message||t.value)&&!/[^a-zA-Z0-9]/.test(t.secret)){for(var s,r,n,a=l.querySelectorAll('iframe[data-secret="'+t.secret+'"]'),o=l.querySelectorAll('blockquote[data-secret="'+t.secret+'"]'),c=new RegExp("^https?:$","i"),i=0;i<o.length;i++)o[i].style.display="none";for(i=0;i<a.length;i++)s=a[i],e.source===s.contentWindow&&(s.removeAttribute("style"),"height"===t.message?(1e3<(r=parseInt(t.value,10))?r=1e3:~~r<200&&(r=200),s.height=r):"link"===t.message&&(r=new URL(s.getAttribute("src")),n=new URL(t.value),c.test(n.protocol))&&n.host===r.host&&l.activeElement===s&&(d.top.location.href=t.value))}},d.addEventListener("message",d.wp.receiveEmbedMessage,!1),l.addEventListener("DOMContentLoaded",function(){for(var e,t,s=l.querySelectorAll("iframe.wp-embedded-content"),r=0;r<s.length;r++)(t=(e=s[r]).getAttribute("data-secret"))||(t=Math.random().toString(36).substring(2,12),e.src+="#?secret="+t,e.setAttribute("data-secret",t)),e.contentWindow.postMessage({message:"ready",secret:t},"*")},!1)))}(window,document);
//# sourceURL=https://www.qwien.at/wp-includes/js/wp-embed.min.js
</script>

&nbsp; Der Queer History Day (QHD) 2019 steht einerseits im Fokus von Europride und 50 Jahre Stonewall, andererseits feiern wir den 10. Geburtstag von QWIEN – Zentrum für queere Geschichte. Kulturstadträtin Mag.a Veronica Kaup-Hasler und Gemeinderätin Martina Hanke, BA (in Vertretung von Stadtrat Mag. Jürgen Czernohorszky) werden den Festakt eröffnen, o. Univ.-Prof Dr. Wolfgang Schmale [&hellip;]
